488372.
2, 83, 1471
List the prime factors of 1793483.
17, 105499
List the prime factors of 15744581.
23, 684547
What are the prime factors of 5507769?
3, 1835923
List the prime factors of 460961.
109, 4229
What are the prime factors of 675832?
2, 23, 3673
List the prime factors of 754694.
2, 377347
What are the prime factors of 2538313?
2538313
What are the prime factors of 6471332?
2, 7, 137, 241
List the prime factors of 25996848.
2, 3, 31, 17471
What are the prime factors of 118712?
2, 11, 19, 71
What are the prime factors of 237779?
17, 71, 197
List the prime factors of 21058586.
2, 10529293
List the prime factors of 157659.
3, 52553
What are the prime factors of 91457?
91457
List the prime factors of 199467.
3, 37, 599
What are the prime factors of 199666?
2, 99833
List the prime factors of 7388157.
3, 7, 59, 67, 89
What are the prime factors of 10591?
7, 17, 89
What are the prime factors of 40066?
2, 13, 23, 67
List the prime factors of 12216568.
2, 7, 13, 97, 173
What are the prime factors of 144896?
2, 283
List the prime factors of 11498071.
13, 43, 67, 307
List the prime factors of 2889374.
2, 1444687
What are the prime factors of 85884?
2, 3, 17, 421
What are the prime factors of 2599527?
3, 7, 123787
What are the prime factors of 23555391?
3, 67, 117191
What are the prime factors of 2964615?
3, 5, 197641
What are the prime factors of 177522?
2, 3, 29587
List the prime factors of 20001855.
3, 5, 1333457
What are the prime factors of 1286411?
7, 29, 6337
List the prime factors of 303253.
29, 10457
What are the prime factors of 168655?
5, 89, 379
What are the prime factors of 21906728?
2, 2738341
List the prime factors of 2600.
2, 5, 13
List the prime factors of 123261.
3, 181, 227
List the prime factors of 7811965.
5, 7, 61, 3659
What are the prime factors of 177492?
2, 3, 7, 2113
List the prime factors of 526186.
2, 19, 61, 227
List the prime factors of 804668.
2, 201167
List the prime factors of 33632.
2, 1051
What are the prime factors of 770933?
17, 101, 449
What are the prime factors of 703209?
3, 13, 19, 73
List the prime factors of 670095.
3, 5, 14891
List the prime factors of 331014.
2, 3, 43, 1283
List the prime factors of 1073634.
2, 3, 178939
List the prime factors of 13984237.
929, 15053
List the prime factors of 295228.
2, 23, 3209
What are the prime factors of 746320?
2, 5, 19, 491
List the prime factors of 135662.
2, 29, 2339
What are the prime factors of 2481295?
5, 496259
What are the prime factors of 190558?
2, 95279
List the prime factors of 98227.
98227
List the prime factors of 27709.
11, 229
List the prime factors of 10481556.
2, 3, 873463
List the prime factors of 122772.
2, 3, 13, 787
List the prime factors of 7171959.
3, 2390653
List the prime factors of 89367.
3, 29789
What are the prime factors of 612287?
13, 3623
What are the prime factors of 10772492?
2, 17, 158419
What are the prime factors of 4820?
2, 5, 241
What are the prime factors of 23602541?
19, 65381
What are the prime factors of 47218?
2, 23609
What are the prime factors of 13903633?
41, 113, 3001
List the prime factors of 5381308.
2, 673, 1999
What are the prime factors of 38267?
17, 2251
List the prime factors of 2381857.
23, 29, 3571
List the prime factors of 10031482.
2, 5015741
What are the prime factors of 9344697?
3, 3114899
List the prime factors of 171782.
2, 13, 6607
What are the prime factors of 1817839?
1817839
What are the prime factors of 8588914?
2, 4294457
What are the prime factors of 549778?
2, 274889
What are the prime factors of 1249249?
73, 109, 157
What are the prime factors of 18464858?
2, 9232429
What are the prime factors of 19342240?
2, 5, 120889
What are the prime factors of 1273877?
11, 115807
What are the prime factors of 152283?
3, 23, 2207
List the prime factors of 531858.
2, 3, 88643
What are the prime factors of 12882128?
2, 7, 115019
List the prime factors of 2722815.
3, 5, 83
What are the prime factors of 262286?
2, 131143
What are the prime factors of 353396?
2, 17, 5197
List the prime factors of 7471923.
3, 587, 4243
What are the prime factors of 489905?
5, 13, 7537
What are the prime factors of 166442?
2, 83221
What are the prime factors of 5307025?
5, 212281
What are the prime factors of 6774061?
7, 41, 23603
List the prime factors of 106073.
11, 9643
List the prime factors of 7133509.
7133509
What are the prime factors of 886230?
2, 3, 5, 43, 229
List the prime factors of 133937.
151, 887
What are the prime factors of 558010?
2, 5, 41, 1361
List the prime factors of 80997.
3, 7, 19, 29
List the prime factors of 563441.
29, 19429
List the prime factors of 15041546.
2, 13, 29, 19949
List the prime factors of 556791.
3, 31, 5987
What are the prime factors of 346486?
2, 7, 24749
What are the prime factors of 757276?
2, 13, 14563
List the prime factors of 1237275.
3, 5, 13, 47
List the prime factors of 73666.
2, 36833
What are the prime factors of 11316983?
2237, 5059
List the prime factors of 2064612.
2, 3, 11, 15641
List the prime factors of 200459.
7, 4091
List the prime factors of 28185581.
97, 277, 1049
What are the prime factors of 12980110?
2, 5, 11, 13, 29, 313
What are the prime factors of 26746072?
2, 19, 175961
List the prime factors of 63174.
2, 3, 10529
What are the prime factors of 70190?
2, 5, 7019
What are the prime factors of 284503?
293, 971
What are the prime factors of 426851?
29, 41, 359
List the prime factors of 8238220.
2, 5, 109, 3779
What are the prime factors of 212702?
2, 7, 15193
List the prime factors of 313439.
7, 44777
List the prime factors of 204536.
2, 37, 691
List the prime factors of 1688337.
3, 7, 8933
What are the prime factors of 491816?
2, 13, 4729
List the prime factors of 609050.
2, 5, 13, 937
What are the prime factors of 1927313?
1927313
List the prime factors of 276625.
5, 2213
What are the prime factors of 921499?
921499
List the prime factors of 1552437.
3, 181, 953
List the prime factors of 1052822.
2, 31, 16981
What are the prime factors of 4646966?
2, 23, 101021
What are the prime factors of 206213?
7, 89, 331
What are the prime factors of 18709837?
18709837
List the prime factors of 1147830.
2, 3, 5, 38261
What are the prime factors of 13813568?
2, 101, 2137
List the prime factors of 210344.
2, 26293
What are the prime factors of 1423479?
3, 41, 71, 163
What are the prime factors of 857606?
2, 227, 1889
What are the prime factors of 156303?
3, 7, 827
List the prime factors of 796803.
3, 7, 19, 1997
List the prime factors of 5239735.
5, 67, 15641
List the prime factors of 12176773.
7, 1739539
List the prime factors of 671018.
2, 157, 2137
What are the prime factors of 295145?
5, 59029
What are the prime factors of 465381?
3, 7, 83, 89
What are the prime factors of 140382?
2, 3, 11, 709
What are the prime factors of 410030?
2, 5, 131, 313
List the prime factors of 563755.
5, 137, 823
List the prime factors of 424916.
2, 19, 5591
What are the prime factors of 948435?
3, 5, 53, 1193
What are the prime factors of 20199913?
20199913
What are the prime factors of 4414955?
5, 97, 9103
List the prime factors of 15920014.
2, 11, 29, 24953
List the prime factors of 3221659.
7, 19, 24223
List the prime factors of 2085906.
2, 3, 347651
What are the prime factors of 161445?
3, 5, 47, 229
What are the prime factors of 159536?
2, 13, 59
What are the prime factors of 321228?
2, 3, 8923
List the prime factors of 5294678.
2, 61, 43399
List the prime factors of 4714046.
2, 31, 139, 547
List the prime factors of 6878548.
2, 131, 13127
What are the prime factors of 17125386?
2, 3, 23, 124097
What are the prime factors of 99762?
2, 3, 13, 1279
What are the prime factors of 12908626?
2, 619, 10427
List the prime factors of 11270244.
2, 3, 41, 22907
What are the prime factors of 1490345?
5, 127, 2347
List the prime factors of 6176437.
6176437
What are the prime factors of 4633776?
2, 3, 7, 4597
List the prime factors of 36772265.
5, 37, 198769
List the prime factors of 591932.
2, 11, 1223
What are the prime factors of 1845354?
2, 3, 7, 53, 829
List the prime factors of 4650549.
3, 227, 6829
What are the prime factors of 17253131?
7, 2464733
What are the prime factors of 4871053?
11, 442823
List the prime factors of 1033971.
3, 523, 659
List the prime factors of 3034248.
2, 3, 7, 1